-3301. Calculate the greatest common divisor of 5 and x.
5
Let w = 7 + -4. Let v be 0/(-2 + w) - -4. Let c be (-1)/v - (-506)/8. Calculate the greatest common factor of c and 7.
7
Let o = -8379 + 19923. Calculate the greatest common factor of 624 and o.
312
Suppose 128*j - 119*j = 49599. Calculate the greatest common divisor of 33 and j.
33
Let p = -32490 - -33057. Let f be (1 - -8)/((-2)/(-36)). Calculate the highest common factor of p and f.
81
Let u(q) = 12*q - 189. Let a be ((-24)/(-44))/(-3) - 2691/(-99). Let i be u(a). Calculate the greatest common factor of 45 and i.
45
Let z = 153 - 133. Suppose -24 = -a - z. Suppose 0 = d - 5*n - 40 - 25, -188 = -a*d - 4*n. What is the greatest common divisor of 50 and d?
50
Let n = -2568 - -2614. Calculate the highest common divisor of n and 1587.
23
Let v be ((-63)/(-35) - 2) + 7002/10. Suppose 29*a - v = 25*a. What is the greatest common factor of 25 and a?
25
Let d be 6987/24 - ((-7)/8 + 1). Suppose -2*a + d = -1293. Calculate the highest common divisor of 72 and a.
72
Let u(n) = -237*n**3 + 2*n**2 + n. Let s be u(-1). Suppose 339 + 210 = 31*i - 2*t, 2*i + 5*t + 21 = 0. What is the greatest common factor of s and i?
17
Let p(z) = -z**2 + 5*z + 18. Let f be p(7). Suppose 0 = -3*u + 8*u - f*l - 315, 315 = 5*u - l. What is the highest common factor of u and 42?
21
Suppose 28*d + 140 = 33*d. Suppose 4*a = -0*a - d. Let q(w) = 3*w + 23. Let u be q(a). What is the highest common divisor of u and 1?
1
Let a(d) = 95*d**2 + 103*d - 613. Let v be a(6). Calculate the greatest common factor of 25 and v.
25
Suppose 0 = -2*j - 2*b + 112, 7*b - 5*b + 212 = 4*j. Let k(z) = 3*z - 45. Let x be k(17). What is the highest common divisor of x and j?
6
Let x = 946 - 778. Let n = 663 - 369. Calculate the highest common factor of n and x.
42
Let r = 14 + 26. Let b = r - 70. Let f = b - -35. What is the greatest common factor of f and 85?
5
Let d(u) = u**2 + 14*u - 50. Let r be d(-20). What is the highest common factor of 40 and r?
10
Let w(j) = 9*j + 42. Let q be w(10). Let f = q - 48. Calculate the greatest common factor of f and 210.
42
Suppose 250*g + 264355 = 1089903 + 1079452. Calculate the highest common factor of g and 10.
10
Suppose -4*k - 8 = -5*k. Suppose -2*y = -k - 82. Let b(f) = f**3 - 13*f**2 + 43*f + 8. Let j be b(7). What is the greatest common divisor of y and j?
15
Let c = -44680 + 44705. Suppose 2*f - 4 = 0, 2*r - 4*f + 269 = 911. Calculate the highest common divisor of c and r.
25
Suppose 400*q = 402*q - 1216. Suppose -2*c - v + 17 = -0*c, 30 = 3*c - 3*v. Suppose -1805 = -c*t - q. What is the greatest common factor of t and 19?
19
Let f = -341 - -343. Suppose -2*d + 956 = f*w, 3*w = -0*d + d - 498. What is the highest common divisor of 23 and d?
23
Suppose -5*a + 8902 = 15*k - 13*k, -a = -3*k - 1794. What is the highest common factor of 243 and a?
81
Let c(y) = y**2 - 24*y - 12. Let s be c(29). Calculate the greatest common factor of 152 and s.
19
Let j be 5/2*(18 - (-10 + 384/20)). Calculate the highest common divisor of j and 14608.
22
Let y = -21107 + 21165. What is the greatest common divisor of 3886 and y?
58
Suppose 105 = 126*y - 119*y. Suppose -y = -j - 7. What is the greatest common divisor of j and 52?
4
Suppose 0 = -66*x + 67*x - 4*u - 1182, -x + 1182 = -2*u. What is the highest common factor of x and 30?
6
Let o be ((-6)/(-7))/((-3)/(-1302)). What is the highest common factor of o and 11253?
93
Let s(w) = 140*w - 12. Let a be s(-1). Let u = 153 + a. What is the highest common divisor of 17 and u?
1
Suppose -2*f = -v + 190, -14*v = -15*v - 6*f + 182. What is the highest common divisor of v and 7191?
47
Let o(d) = -4*d**3 - 24*d**2 - 37*d - 619. Let s be o(-14). Calculate the greatest common divisor of 51 and s.
51
Let g be (10 - 0)*(-33)/66 - 2996/(-4). Calculate the highest common factor of 155 and g.
31
Suppose 5*y = -r - 7 - 220, 20 = 4*y. Let k = 279 + r. What is the greatest common factor of k and 135?
27
Let y(z) = -2*z**3 - z**2 - 2. Let f(w) = 15*w**3 + 6*w**2 + w + 56. Let t(q) = f(q) + 5*y(q). Let s be t(0). Calculate the greatest common factor of s and 299.
23
Suppose -72*w + 2991 = 615. Calculate the highest common divisor of 1298 and w.
11
Suppose -4*h + 459 = v, v = -2*h - 0*v + 231. Suppose 7*i - 292 - h = 0. What is the greatest common factor of 232 and i?
58
Suppose -5*p + 4*p = 31. Let b = -28 - p. Suppose 0*c = b*o + 3*c - 18, 5*o + 4*c - 32 = 0. What is the highest common divisor of 72 and o?
8
Let h(x) = x**2 - 8*x + 49. Let q be h(8). What is the highest common factor of q and 231?
7
Let f be (24/(-18))/(6*(-10)/112500). What is the highest common factor of 100 and f?
100
Suppose 4*m = 16, -3*x = 1101*m - 1104*m - 2772. Calculate the highest common divisor of x and 88.
8
Let u(t) = 11*t + 61. Let v be u(-5). Suppose 0 = -v*j - 2*j + 184. Calculate the highest common divisor of j and 161.
23
Let b(z) be the third derivative of 11*z**2 + 2/3*z**3 + 0*z + 0 + 1/6*z**4. Let n be b(6). Calculate the greatest common divisor of 84 and n.
28
Let z = 167 + -168. Let i be 2674/70 + z/5. What is the highest common factor of i and 76?
38
Let l(s) = 0*s + 3*s**2 + 7 + 22*s - 4*s - 5*s**2. Let p be l(8). Suppose -2*k = -p - 41. Calculate the greatest common factor of k and 192.
32
Suppose -k + 233 = 26. Suppose 0 = 55*v - 46*v - k. Calculate the greatest common divisor of 207 and v.
23
Suppose -w - w + 6 = 0. Suppose 8 = -w*n + 5*n. Let j be 6 + 3/2*(-420)/(-45). Calculate the greatest common factor of j and n.
4
Suppose -33*r + 1681 = -1586. Suppose 82 = 12*m - 314. What is the greatest common factor of m and r?
33
Let p(v) = v**2 + 11*v - 98. Suppose -151*i - 60 = -157*i. Let o be p(i). Calculate the highest common factor of 42 and o.
14
Let k(p) = -p**3 - 6*p**2 - 10*p - 7. Let g = -198 - -193. Let z be k(g). What is the greatest common factor of z and 66?
6
Let u(o) = o**3 + 6*o**2 + 13*o - 18. Let v be 6/8 + (-84)/(-16). Let r be u(v). What is the greatest common divisor of 24 and r?
12
Suppose 41*r - 110 - 456 - 2099 = 0. What is the greatest common divisor of 884 and r?
13
Suppose 2552 = 15*n - 1573. Calculate the greatest common divisor of n and 55.
55
Let y = 1127 - 1047. Let g = 23 + -28. Let v be 32/(-80) + (-162)/g. What is the highest common divisor of v and y?
16
Let b be (-5)/(90/(-268))*(-8775)/(-390). Suppose -67 = -3*d + 2*d. Calculate the highest common factor of b and d.
67
Suppose -4*g - 248 + 496 = 0. Let r be 62/(-4)*2/(-1). Calculate the highest common divisor of g and r.
31
Suppose 0 = -3*a - 5*f - 2248, 5*a + 2541 = 3*f - 1251. Let m be (54/(-7))/(36/a). Calculate the highest common divisor of 36 and m.
18
Suppose -5*w + 5*m + 1865 = 0, -w - 3*m = -2*w + 367. Let u be (-2)/(-3)*(2 + w). Suppose -98*a = -100*a + 56. Calculate the highest common factor of u and a.
28
Suppose -4*i + f + 334 = 0, -3*f = -1 - 5. Let h = -76 + i. Calculate the highest common factor of 88 and h.
8
Let f = -2359 - -2679. Calculate the highest common factor of f and 16.
16
Let h(w) = 31*w - 916. Let j be h(32). Suppose 40 = 3*r - 17. What is the highest common factor of j and r?
19
Let n = -1525 + 1984. Calculate the highest common divisor of 816 and n.
51
Let d = 95 + -49. Let r = 52 - d. Let v be (-9)/r*(-180)/27. What is the highest common divisor of v and 110?
10
Let r be 615/820 + 3*(-97)/(-12). Let a be 154/6 - 2/3. Calculate the highest common divisor of r and a.
25
Let j = 1 - -34. Suppose 118*z - 253 - 927 = 0. Calculate the highest common factor of j and z.
5
Let a(m) = -15*m. Let v be a(-15). What is the greatest common divisor of v and 12075?
75
Suppose 63*m - 9673 + 4294 - 14655 = 0. Calculate the highest common divisor of m and 69.
3
Let p = -3 + 11. Let t(y) = 10*y**2 - 4*y**2 + 1 + 33*y - 5*y**2 - 40*y. Let x be t(p). What is the greatest common divisor of 9 and x?
9
Suppose 4*g = 3*z - 0*g - 8611, 2*z + 4*g = 5734. Let a = z - 1842. What is the greatest common divisor of a and 13?
13
Suppose 2*t + 681 = q, 3*t + 0*t - 3457 = -5*q. Calculate the greatest common factor of q and 371.
53
Suppose -2*o + 4*h + 1040 = 0, 21*h + 2132 = 4*o + 26*h. Let l = 618 - o. What is the greatest common divisor of l and 108?
18
Suppose -4*j = j - 3*c - 24, 0 = 5*j + 5*c. Suppose 0 